.
2
Let s be (-2)/4*2 + 3. Let c(x) = 19*x - 2. Let l be c(s). Calculate the greatest common factor of 4 and l.
4
Let q(u) = u**2 + 2*u + 9. Let l be q(-4). Calculate the highest common factor of l and 34.
17
Let b = -11 - -55. What is the greatest common factor of 11 and b?
11
Let x = 1 + 0. Suppose -4*f = g + x + 1, 4*g - 3 = -5*f. What is the greatest common factor of 18 and g?
2
Let a(o) = -o**2 - 11*o + 14. Let c be a(-11). Calculate the greatest common divisor of 35 and c.
7
Suppose 0 = t - 5 - 0. Suppose 2*m + 45 - 145 = 0. Suppose -2*k + 4*k = m. What is the highest common factor of t and k?
5
Let p = 8 - -2. Suppose -3*i - i + 20 = 0. Calculate the highest common factor of p and i.
5
Suppose 14*d - 7 - 7 = 0. What is the greatest common divisor of 8 and d?
1
Let u(g) = 5*g + 3. Let c be u(3). Let n be (-4)/c - 587/(-9). Suppose -2*m + 47 = 3*f, 16 = -5*f - 4*m + 97. What is the highest common divisor of f and n?
13
Suppose 50 = -10*n + 12*n. Calculate the highest common factor of n and 5.
5
Let y = 0 + -2. Let c = 6 + y. Calculate the highest common divisor of c and 32.
4
Suppose t - 181 = f - 3*f, -5*f - 160 = -t. What is the highest common divisor of 25 and t?
25
Let y(d) = 11*d**2 + 2*d + 3. Let z be y(3). Suppose 3*k + z - 384 = -2*t, -5*k + 124 = t. Calculate the greatest common factor of t and 16.
16
Suppose x = -4*x. Suppose -3*g - 5 = -3*v - 4*g, 2*v - 5*g - 9 = x. What is the greatest common divisor of 16 and v?
2
Let k(a) = -11*a + 11. Let u be k(-6). Calculate the greatest common factor of 7 and u.
7
Let h = 28 + -16. Suppose -2*v = -5*f - 21, -3*v + 2*v - 2*f = h. Let d be (v/5)/((-1)/45). Calculate the greatest common factor of 12 and d.
6
Let v = 34 + -13. Let p = -37 + v. Let h = 28 + p. Calculate the greatest common factor of 60 and h.
12
Let j(c) = 2*c**2 - 5*c + 4. Let f be j(3). Let w = f + -2. Suppose -w*t + 56 = -24. What is the greatest common divisor of t and 80?
16
Suppose 2 = -3*m + 44. Suppose -8 = -l + 2*a, -m = -2*l - 0*a + 2*a. What is the greatest common divisor of 24 and l?
6
Suppose -39 = -5*q + 16. What is the highest common divisor of 77 and q?
11
Suppose 30 = 6*w - w. Let o be (3*-1)/(w/(-18)). Calculate the highest common factor of 81 and o.
9
Let z be (-1)/(-2)*-4 - -9. Let h(s) = 2*s**2 - 10*s + 9. Let g be h(6). What is the greatest common factor of z and g?
7
Let x = -65 + 106. Calculate the highest common divisor of x and 82.
41
Suppose 4*l + 2*s = 2, 2*s + 1 = -5*l + 3*s. Suppose 3*y - 198 - 72 = l. Calculate the greatest common factor of y and 10.
10
Let s(r) = -r - 13. Let p be s(-15). Suppose -p*f = -0*f - 198. Calculate the highest common divisor of 33 and f.
33
Suppose -4*m = -m. Let f be m - (-1 + (0 - 1)). Suppose -2*b - 4*p = -f, -4*p = -3*b - 2*p + 35. What is the highest common divisor of 3 and b?
3
Let d(x) = x**3 - 2*x**2 + 3*x + 2. Let l(w) = w + 6. Let a be l(0). Suppose 3*t - t - a = 0. Let g be d(t). Calculate the greatest common factor of 5 and g.
5
Suppose -4*m - 32 = z - 2*z, -5*z = -3*m - 75. Calculate the greatest common factor of 3 and z.
3
Let f = -24 - -48. What is the highest common divisor of 24 and f?
24
Suppose -2*y = -7*y - 35. Let o be (y/14)/((-1)/80). What is the greatest common factor of o and 8?
8
Suppose v = -3*v + 64. What is the greatest common factor of v and 128?
16
Let a(n) = 3*n + 2. Let j be a(4). Let f be (66/j + -3)*7. Calculate the highest common divisor of f and 120.
12
Let c(m) = m**2 + 2*m - 33. Let y be c(-8). Calculate the highest common divisor of y and 45.
15
Let u = 15 + -21. Let a be ((-2)/u)/(1/12). Suppose 0 = a*o + m - 352, -4*o + 5*m + 352 = -0*m. What is the highest common divisor of o and 8?
8
Suppose 0*s + 4*v + 4 = -s, -v = 3. What is the greatest common divisor of 8 and s?
8
Let i be 469/21 - (-1)/6*-2. Calculate the highest common factor of i and 33.
11
Let g(x) = -x**3 - x**2 + 2*x + 4. Let j be g(-2). Suppose -i + 6*i - 5*t = 135, 0 = -2*i + 3*t + 49. What is the highest common divisor of i and j?
4
Let i = 0 - -15. Let c be (5/i)/((-2)/(-24)). What is the highest common factor of c and 32?
4
Let u be (-2 - -3)/(4/(-132)). Let x = -13 - u. What is the greatest common factor of x and 30?
10
Let x = 81 - 61. What is the highest common divisor of x and 4?
4
Let f be (-4)/((-2)/30 + 0). Calculate the highest common factor of 150 and f.
30
Suppose -5 = -2*p + 5. Suppose 0 = p*j - 0*j - 25. Calculate the greatest common factor of j and 25.
5
Suppose 5*n - 3*n - 4 = 0. Let j be ((-3)/(-9))/(1/(-9)). Let a(h) = -4*h - 2. Let z be a(j). Calculate the highest common divisor of z and n.
2
Suppose 2*y + 288 = 4*y + g, -4*g + 137 = y. What is the greatest common factor of y and 58?
29
Suppose -p + 0*p + 12 = -3*g, 0 = 5*p - 2*g - 21. Calculate the greatest common divisor of p and 27.
3
Let t = 41 - 23. Suppose 5*k - 6 = 7*k, 2*s - 75 = k. Calculate the highest common factor of t and s.
18
Suppose s - q - 31 = 0, -2*q - 87 = -2*s - 5*q. What is the highest common factor of 252 and s?
36
Let d be ((-8)/6)/((-8)/84). Calculate the highest common factor of d and 14.
14
Suppose -4 = -2*w, -w + 1 = -3*a + w. Let n = 13 + -4. Calculate the greatest common divisor of n and a.
1
Let m = -18 + 33. Calculate the greatest common factor of m and 6.
3
Suppose -2*i = -5*i - 15. Let j = -1 - i. Suppose j*s - 9 = -5*b + 24, 0 = 2*s + 2*b - 14. Calculate the greatest common factor of s and 3.
1
Let t be 132 + ((-6)/2 - 1). Calculate the highest common factor of t and 16.
16
Suppose -l + 0*l = -r + 9, -l + 3 = 0. Suppose 5*a + 3*h - 134 = 0, 0 = 3*h + h - r. What is the highest common factor of a and 175?
25
Suppose -162 = a - 4*a. Let p be 266/6 - (-1)/(-3). Let g = 62 - p. What is the greatest common factor of a and g?
18
Suppose w - 20 = -4*w. Let y = 16 - w. Calculate the highest common divisor of 48 and y.
12
Let h = 10 + -2. Calculate the greatest common factor of h and 8.
8
Suppose 4*j - j - 912 = 0. What is the greatest common factor of 38 and j?
38
Let m = 33 - 46. Let o = m + 21. Let s(p) = -p**2 + 11*p - 6. Let x be s(6). What is the highest common divisor of o and x?
8
Let p be ((-3)/(-9) - -1)/((-2)/(-12)). Calculate the highest common divisor of p and 32.
8
Let b = -1 - -19. Calculate the greatest common divisor of 90 and b.
18
Suppose -17*b - 12 = -18*b. Let g be 71/4 - (-14)/56. Calculate the highest common factor of b and g.
6
Let c = 10 + -6. Suppose -2*o + c*o = -46. Let j = 41 + o. Calculate the greatest common divisor of 2 and j.
2
Suppose 0 = 2*s + 5*q - 3*q - 232, -2*s = -3*q - 227. Suppose -3*k + 26 = i - 11, -4*i + 3*k + 193 = 0. What is the greatest common divisor of s and i?
23
Let s = -160 + 240. Calculate the greatest common factor of s and 10.
10
Let t(g) = -2*g - g**3 - 2*g**2 + 5*g - 2 - 4*g. Let b be t(-3). What is the greatest common factor of b and 40?
10
Let s = -2 + 7. Suppose -3*v = 4*b - 106, -s*b - 108 = -4*v - 2*b. Calculate the greatest common divisor of v and 10.
10
Let o = 756 + -502. Suppose -4*b + 194 + o = 0. What is the greatest common factor of b and 14?
14
Suppose 2*w - 10 + 2 = 0. Suppose 4*i = -4*p + 4 + w, -5*i = -3*p - 26. Let h be p + 8 - (-1 - -1). What is the greatest common factor of h and 54?
6
Let u(j) = 3*j + 4. Let q be u(4). What is the greatest common factor of q and 128?
16
Suppose -5*f - 2*x = 46, 0 = -4*f + x - 24 - 5. Let d(b) = -2*b - 2. Let j be d(f). What is the greatest common divisor of j and 154?
14
Let n(v) = -3*v**2 + 4*v - 3. Let x be n(2). Let s = x + 15. Calculate the greatest common divisor of 12 and s.
4
Suppose 0 = -w + 101 - 17. Calculate the highest common divisor of w and 21.
21
Let r be (-1)/5 - (-633)/15. What is the greatest common divisor of r and 21?
21
Let u be (0 - 3)/3 - 9. Let m = -7 - u. Suppose 2*p = d - 3*d + 24, -2*d + m*p = 1. Calculate the highest common divisor of 1 and d.
1
Let a be ((-3)/(-3) - 3)/(2/(-196)). What is the highest common factor of 28 and a?
28
Suppose 64 = -8*y + 9*y. Suppose -34 = -k + 5*u, 6*k - 2*u - y = 2*k. Calculate the highest common divisor of 42 and k.
14
Suppose 6 + 2 = x. Calculate the greatest common factor of x and 88.
8
Let z(r) = 2*r + 4. Let y be z(0). Let i = 14 + y. Calculate the greatest common factor of i and 6.
6
Let v